
False
Is 66206 a multiple of 22?
False
Does 16 divide 10319136?
True
Is 9260269 a multiple of 47?
True
Does 94 divide 695788?
True
Is 676644 a multiple of 452?
True
Is 39906 a multiple of 18?
True
Does 184 divide 13472006?
False
Does 107 divide 237861?
True
Is 6 a factor of 147469?
False
Is 57 a factor of 274550?
False
Is 9 a factor of 3759?
False
Is 444440 a multiple of 410?
True
Is 29 a factor of 108584?
False
Is 3995674 a multiple of 254?
True
Does 48 divide 1865070?
False
Is 18 a factor of 267586?
False
Is 114 a factor of 139194?
True
Is 65 a factor of 1066715?
True
Does 6 divide 151223?
False
Does 79 divide 154996?
False
Is 42 a factor of 81942?
True
Is 1022 a factor of 3063835?
False
Is 13786 a multiple of 3?
False
Is 9 a factor of 62820?
True
Does 8 divide 1886328?
True
Is 59 a factor of 328938?
False
Does 3 divide 74757?
True
Does 263 divide 353066?
False
Is 2481 a multiple of 2?
False
Does 369 divide 6078537?
True
Is 311 a factor of 1567129?
True
Is 20 a factor of 18081528?
False
Does 34 divide 993529?
False
Is 17 a factor of 9395?
False
Is 1440930 a multiple of 144?
False
Is 25 a factor of 74575?
True
Is 147 a factor of 319978?
False
Is 10 a factor of 5125?
False
Is 30 a factor of 251250?
True
Is 1231577 a multiple of 138?
False
Is 5795863 a multiple of 1363?
False
Is 24 a factor of 352176?
True
Is 772307 a multiple of 3?
False
Does 1500 divide 20139000?
True
Is 165 a factor of 570775?
False
Is 341491 a multiple of 91?
False
Does 143 divide 1394589?
False
Does 129 divide 334505?
False
Is 200 a factor of 577586?
False
Is 2 a factor of 16445?
False
Is 230 a factor of 390111?
False
Does 64 divide 3924?
False
Does 22 divide 3753882?
True
Does 46 divide 74149?
False
Is 33 a factor of 2537?
False
Is 1096968 a multiple of 107?
False
Is 23 a factor of 2453502?
True
Is 3482022 a multiple of 998?
True
Does 35 divide 1759613?
False
Does 241 divide 890327?
False
Is 11 a factor of 1417680?
True
Does 67 divide 1771547?
True
Is 2433806 a multiple of 299?
False
Does 168 divide 238560?
True
Does 10 divide 17125370?
True
Does 40 divide 1026763?
False
Is 1797330 a multiple of 870?
False
Does 82 divide 49205?
False
Is 180267 a multiple of 7?
False
Is 80495 a multiple of 16?
False
Is 50 a factor of 31350?
True
Is 497 a factor of 1294848?
False
Is 66895 a multiple of 17?
True
Is 1410856 a multiple of 2?
True
Is 243995 a multiple of 46?
False
Does 303 divide 2943671?
False
Is 54350 a multiple of 9?
False
Does 190 divide 862980?
True
Does 5 divide 120678?
False
Is 335491 a multiple of 59?
False
Is 2085 a multiple of 139?
True
Does 98 divide 2078874?
True
Is 164143 a multiple of 383?
False
Is 272116 a multiple of 5?
False
Does 171 divide 804213?
True
Is 430 a factor of 1931096?
False
Is 2459318 a multiple of 62?
False
Is 283 a factor of 1453855?
False
Is 445571 a multiple of 8?
False
Is 275 a factor of 92125?
True
Is 13 a factor of 1787385?
False
Does 147 divide 5949429?
False
Is 1512 a factor of 152712?
True
Does 353 divide 127800?
False
Does 5 divide 94503?
False
Is 188 a factor of 124080?
True
Does 327 divide 714495?
True
Does 103 divide 21436?
False
Is 78264 even?
True
Does 55 divide 148335?
True
Is 1960371 a multiple of 15?
False
Does 12 divide 132504?
True
Is 123959 a multiple of 50?
False
Is 52 a factor of 370198?
False
Does 22 divide 535772?
False
Does 120 divide 1365360?
True
Is 118 a factor of 9973544?
False
Is 12 a factor of 22228578?
False
Is 98 a factor of 1882188?
True
Is 775 a factor of 3847868?
False
Does 8 divide 905619?
False
Is 204 a factor of 3930250?
False
Does 509 divide 2085933?
False
Does 136 divide 26520?
True
Is 1603200 a multiple of 64?
True
Is 7 a factor of 41468?
True
Is 909216 a multiple of 29?
False
Is 3243670 a multiple of 15?
False
Is 254298 a multiple of 214?
False
Is 11 a factor of 240444?
False
Is 387523 a multiple of 277?
True
Does 11 divide 182677?
True
Is 1195921 a multiple of 91?
False
Does 8 divide 2283328?
True
Does 9 divide 4406575?
False
Is 6 a factor of 49698?
True
Does 329 divide 585949?
True
Does 51 divide 2373131?
False
Is 301853 a multiple of 34?
False
Does 17 divide 56576?
True
Is 9792090 a multiple of 45?
True
Is 18 a factor of 207361?
False
Is 423 a factor of 3242824?
False
Is 246497 a multiple of 7?
False
Is 691901 a multiple of 5?
False
Is 180376 a multiple of 8?
True
Is 257 a factor of 6177887?
False
Is 32529 a multiple of 23?
False
Does 1081 divide 8307485?
True
Is 12846431 a multiple of 7?
False
Is 189711 a multiple of 591?
True
Is 13 a factor of 51077?
True
Is 18 a factor of 115030?
False
Is 785133 a multiple of 538?
False
Is 668360 a multiple of 56?
True
Does 26 divide 470317?
False
Is 100 a factor of 594483?
False
Does 132 divide 25872?
True
Does 6 divide 2065931?
False
Is 14 a factor of 4653016?
False
Is 15 a factor of 198427?
False
Does 102 divide 852403?
False
Is 83485 even?
False
Is 4635431 a multiple of 1019?
True
Does 21 divide 9464469?
True
Is 11 a factor of 875347?
True
Is 280194 a multiple of 2?
True
Does 721 divide 3684310?
True
Is 12 a factor of 1657452?
True
Is 9 a factor of 14017483?
False
Is 101 a factor of 307545?
True
Is 1243904 a multiple of 128?
True
Does 83 divide 10185694?
False
Does 15 divide 357600?
True
Does 99 divide 409659?
False
Does 12 divide 52596?
True
Does 3 divide 287823?
True
Is 949 a factor of 22410635?
True
Is 16 a factor of 26016?
True
Is 141 a factor of 48081?
True
Does 150 divide 479100?
True
Is 4661049 a multiple of 303?
True
Is 24150 a multiple of 50?
True
Is 527786 a multiple of 28?
False
Is 653733 a multiple of 4?
False
Is 173602 a multiple of 22?
True
Is 48 a factor of 360658?
False
Is 290 a factor of 249551?
False
Is 107 a factor of 224700?
True
Is 1718370 a multiple of 55?
False
Does 6 divide 3954121?
False
Is 951938 a multiple of 26?
True
Is 10 a factor of 148274?
False
Is 3244873 a multiple of 7?
False
Is 13 a factor of 709226?
False
Does 44 divide 94116?
True
Is 451944 a multiple of 36?
True
Is 20770 a multiple of 21?
False
Is 20 a factor of 223280?
True
Does 63 divide 2173601?
False
Is 6858448 a multiple of 193?
True
Is 8177040 a multiple of 277?
True
Is 981 a factor of 6437322?
True
Does 24 divide 3949632?
True
Is 12 a factor of 124895?
False
Is 66 a factor of 5152196?
False
Is 16353140 a multiple of 1237?
True
Is 178 a factor of 2136773?
False
Is 5993220 a multiple of 5?
True
Is 462 a factor of 19703376?
True
Does 182 divide 373646?
True
Does 1630 divide 15194422?
False
Does 153 divide 233937?
True
Is 803460 a multiple of 210?
True
Does 16 divide 3918325?
False
Does 427 divide 2062410?
True
Does 146 divide 4930275?
False
Is 746368 a multiple of 112?
True
Is 1641062 a multiple of 439?
False
Is 13 a factor of 27715?
False
Is 1807 a factor of 4869876?
False
Is 10 a factor of 198260?
True
Is 54 a factor of 124740?
True
Is 2 a factor of 2108696?
True
Is 1098948 a multiple of 12?
True
Is 465766 a multiple of 119?
True
Does 176 divide 6781550?
False
Does 22 divide 264528?
True
Is 19 a factor of 18620?
True
Is 480688 a multiple of 208?
True
Does 28 divide 286496?
True
Is 24 a factor of 72624?
True
Is 274 a factor of 1288969?
False
Is 35 a factor of 1651733?
False
Does 48 divide 4760016?
True
Is 315 a factor of 8035965?
True
Is 9183585 a multiple of 236?
False
Does 25 divide 491197?
False
Is 58590 a multiple of 2?
True
Does 13 divide 504180?
False
Does 102 divide 92531?
False
Is 72 a factor of 458568?
True
Is 10 a factor of 10992?
False
Is 17 a factor of 874786?
True
Does 594 divide 9359495?
False
Is 504365 a multiple of 203?
False
Is 108503 a multiple of 131?
False
Does 48 divide 633844?
False
Is 6 a factor of 90612?
True
Is 7331736 a multiple of 21?
False
Is 3804723 a multiple of 201?
False
Does 29 divide 402868?
True
Does 933 divide 3579921?
True
Does 42 divide 352884?
True
Does 8 divide 1225172?
False
Does 123 divide 2075600?
False
Is 782 a factor of 7309354?
True
Does 4 divide 109052?
True
Is 813 a factor of 1747137?
True
Does 47 divide 1161981?
True
Is 26 a factor of 113578?
False
Does 22 divide 7495121?
False
Does 41 divide 33210?
True
Is 950026 a multiple of 1129?
False
Is 36365 a multiple of 33?
False
Is 337692 a multiple of 68?
False
Is 361 a factor of 261656?
False
Is 378 a factor of 373842?
True
Is 31700 a multiple of 9?
False
Is 1366218 a m